when 33 is divided by m.
16
Let r(k) = k + 7. Let h be r(0). Suppose -y = h - 28. Calculate the remainder when y is divided by 8.
5
Suppose 0 = 2*f - 12 + 2. What is the remainder when f is divided by 5?
0
Let o be (-1)/(2/4 - 0). What is the remainder when o/(-4) - 53/(-2) is divided by 4*(-4 - 26/(-4))?
7
Suppose -4*n - 65 = -9*n. Let h be -1 - (-7 - (0 + 0)). Suppose a = h + 18. Calculate the remainder when a is divided by n.
11
Let g(d) = -2*d**3 - 2*d**2 + 5*d + 3. Let w = 3 - 4. Calculate the remainder when g(-3) is divided by 6*(-4)/(-2) - w.
11
Let g be 0 + 1 - (1 + -2). Suppose -g*d + 24 = d. What is the remainder when 30 is divided by d?
6
Let d(b) = 31*b**3 - b**2 + 2*b - 2. Calculate the remainder when 117 is divided by d(1).
27
Let h(p) = 21*p**3 + 3*p**2 - 4*p + 2. What is the remainder when 240 is divided by h(1)?
20
Let n(j) = -j**2 - 13*j - 24. What is the remainder when -3 + 1 - 24/(-1) is divided by n(-10)?
4
Let n = 7 + 6. Calculate the remainder when ((-60)/35 - -2) + 1056/28 is divided by n.
12
Suppose 0 = 2*x - 4, x = 4*g + 5*x + 4. Calculate the remainder when 35 is divided by (-16)/(g - 1) - -8.
11
Let v = 1 - -1. Let u(s) = -s**2 - s + 1. Let q be u(v). Let p(i) = i**3 + 4*i**2 - 8*i - 6. What is the remainder when 16 is divided by p(q)?
7
Let y(v) = v**3 - 6*v**2 + 7*v - 4. Let a be y(5). Suppose 6*i = i + 30. What is the remainder when ((-3)/a)/((-1)/34) is divided by i?
5
Let j(o) = 6*o - 8. Let c be j(7). Let f = c + 1. Calculate the remainder when f is divided by 12.
11
What is the remainder when 4 - 28/(16/(-4)) is divided by 2?
1
Let c = 43 + -31. Let x(f) be the first derivative of 33*f**2/2 + f - 5. Calculate the remainder when x(1) is divided by c.
10
Let a(b) = -b + 15. What is the remainder when 68 is divided by a(-4)?
11
Let n = -77 + 86. Calculate the remainder when 31 is divided by n.
4
Suppose -13*m + 56 = -11*m. Calculate the remainder when 53 is divided by m.
25
What is the remainder when 92/(-5)*5/(-2) is divided by (1 - 0)/(2/32)?
14
Suppose n + 19 = 4*b, 2 - 8 = 4*n - 2*b. Let t = 8 + n. Suppose -w - t = -53. Calculate the remainder when w is divided by 23.
21
Let o = 23 - -14. Calculate the remainder when o is divided by 10.
7
Suppose k - 36 = -3*k. Calculate the remainder when 24 is divided by k.
6
Suppose 8 = -b + 14. Let i = 235 + -112. Suppose 0 = 4*w - 5*j - i, -3*w + b*j + 96 = 3*j. Calculate the remainder when w is divided by 13.
11
What is the remainder when 2 - ((-3)/((-6)/(-8)) - -2) is divided by (1 + 3)*2/4?
0
What is the remainder when ((-15)/12)/(2/(-56)) is divided by 9?
8
Suppose 0 + 16 = 4*i. Let y = 12 - i. What is the remainder when 28 is divided by y?
4
Let t be (-21)/15 - (-2)/5. Let f be t - (-5 + 2)/1. What is the remainder when 17 is divided by -6*-2*1/f?
5
Calculate the remainder when 3*1/(-3)*-23 is divided by 1*(16 + -6 + 2).
11
Suppose 5*z + 3 = 18. Suppose -2*u = -2*i - 18, 5*u + 0*u - 13 = -z*i. Calculate the remainder when 9 is divided by u.
4
Calculate the remainder when 4 + 0 - (-2 - 558/3) is divided by 49.
45
Let y(l) = l**2 - l + 1. Suppose -j + 2 = -4*t + 103, -j = 5. Calculate the remainder when t is divided by y(-3).
11
Suppose -182*u = -180*u - 68. What is the remainder when u is divided by 18?
16
Calculate the remainder when 41/(-3)*(1 + 0)*-3 is divided by 11.
8
Let f = 9 - -1. Let u = 6 - 7. What is the remainder when 87/(3 - 0) + u is divided by f?
8
Let l(d) = d**2 - d - 5. Let a be l(0). Let t = 6 + a. What is the remainder when t is divided by 1?
0
Let x be (2 - 4)*(-26)/4. Let f = x + -3. Let j = f - 8. What is the remainder when j is divided by 2?
0
Let p = 13 + -7. Let s(b) = 9*b + 2. What is the remainder when s(2) is divided by p?
2
Let m(g) = 6*g - 78. Calculate the remainder when 88 is divided by m(18).
28
Let w(z) = -3*z**3 + 3*z**2 + 15*z - 4. Calculate the remainder when w(-3) is divided by 10.
9
Let t = -4 + 6. Suppose -5*x + 3*v = 0, -3*x + t*v = 3*v - 14. Suppose -f - c + x*c = -18, 20 = -4*c. What is the remainder when 22 is divided by f?
6
Let n be -1*2*-1 - 0. Suppose 2 = -w + n*w. Calculate the remainder when 4 is divided by w.
0
Let n(s) = 11*s**2 + s. Suppose 0 = -2*b - 0*b + 4. What is the remainder when n(b) is divided by 12?
10
Let r = 58 + -45. Calculate the remainder when 34 is divided by r.
8
Let g(v) = -35*v. Let l be g(-2). Suppose 2*d + 0*u + u = l, -4*u - 60 = -2*d. Let y = 5 - -13. Calculate the remainder when d is divided by y.
16
Let g be 66/14 + 4/14. Suppose 4*z + 190 = 6*z. Suppose -t = m - 28, -g*t - m = -5*m - z. What is the remainder when t is divided by 8?
7
Let l(h) be the first derivative of 8*h**2 - 3*h - 2. What is the remainder when l(3) is divided by 16?
13
Calculate the remainder when 94 is divided by 13 + 11/4 + (-16)/(-64).
14
Suppose 4*f - 3*p = 43, 71 = 3*f + 5*p + 17. What is the remainder when 205 is divided by f?
10
Let x = 79 - 12. What is the remainder when x is divided by 23?
21
Let g be ((-2)/5)/((-2)/10). Suppose -2*f + 14 = -3*c, 6*f = f - g*c + 35. Let n = f + 9. Calculate the remainder when n is divided by 6.
4
Let v(q) = 2*q**3 - 2*q**2 - 3*q + 3. Suppose 3*l - 14 = 2*l. Calculate the remainder when l is divided by v(2).
4
Suppose 0 = 4*v + 5 - 25. Calculate the remainder when 14 is divided by v.
4
Suppose 2 = t - 0*t. What is the remainder when 7 is divided by t?
1
Let w = -11 + 14. Calculate the remainder when 23/7 + 2/(-7) is divided by w.
0
Suppose 0 = -2*l + 2*i - i - 45, 5*l = -4*i - 119. Let m = l + 57. What is the remainder when m is divided by 12?
10
Let i(x) = 3*x - 6*x - 2 - 3*x - 2*x. What is the remainder when i(-1) is divided by 4?
2
Let b = 44 - 26. What is the remainder when 49 is divided by b?
13
Suppose -q + 6*q = 25. Suppose 2*v - 7*v - 2*r = -13, -17 = -4*v + q*r. Calculate the remainder when 8 is divided by v.
2
Suppose 14*k - 268 - 166 = 0. Suppose -a - 3 = -14. What is the remainder when k is divided by a?
9
Let d(h) = 9*h. Let o be d(4). Suppose -2*g - 3*r + 7 = -0*g, 5*r + o = g. Calculate the remainder when 20 is divided by g.
9
Let h(o) = 8*o**2 - 4*o + 3. What is the remainder when 51 is divided by h(2)?
24
Suppose 0 = -a - a - 5*y + 23, 0 = -3*a - 3*y + 39. Let h = -1 + 3. Suppose -32 = -2*j - h*j. Calculate the remainder when a is divided by j.
6
Let t(h) = 6*h + 100. What is the remainder when 394 is divided by t(-13)?
20
Let m be (-18)/(-4) - 5/10. Suppose -71 = m*d - 203. Let c = d - 13. What is the remainder when c is divided by 7?
6
Let n be ((-1)/(-3))/(1/6). Let d be (-4)/3*15/n. What is the remainder when 4/d - (-488)/20 is divided by 13?
11
Let j(p) = 4*p**2 + p. Let z be j(-2). Suppose -5*d + z = -0*d - 4*m, -5*d = m - 34. What is the remainder when 10 is divided by d?
4
Suppose 0*r - 2*r + 30 = 0. Suppose 2*k - 9 + 3 = 0. Suppose -2*m + 2 = 0, -4*f + k*m = 6*m - 235. What is the remainder when f is divided by r?
13
Suppose 0*i - i = -37. What is the remainder when i is divided by 10?
7
Suppose -p - 12*i = -14*i - 22, -6 = p + 5*i. Let h(n) = -n**3 + 4*n**2 - n. Let g be h(2). Calculate the remainder when p is divided by 3*(-5)/g*-2.
4
Suppose 2*f - 3*d - 45 = 0, 6*f + 4*d = 3*f + 42. What is the remainder when f is divided by 4?
2
Suppose -6 = -2*j + 44. Suppose 4*d - 5*f = 107, -2*d - 3*d = -2*f - 121. Let p = d - 10. What is the remainder when j is divided by p?
12
Suppose -33 = -5*h - x, -8 - 21 = -5*h - 3*x. Calculate the remainder when 30 is divided by h.
2
Let z = -10 + 16. Suppose y = -y + 2*u - 8, -5*u + 5 = 0. Let g = y - -12. Calculate the remainder when g is divided by z.
3
Let m = -118 + 168. What is the remainder when m is divided by 17?
16
Let x(f) = -2*f + 10. Let q be x(7). What is the remainder when ((-2)/q)/(5/310) is divided by 8?
7
Let g be 4/2 + 0/3. Suppose 0 = -2*l + 5*v + 46, 0*l = -2*l + g*v + 52. Let h = -18 + l. Calculate the remainder when 18 is divided by h.
8
Let v(g) = g**2 + g - 3. Let t be v(0). What is the remainder when 47 is divided by 14 - t/((-6)/(-4))?
15
Let x = -63 + 108. Calculate the remainder when x is divided by 24.
21
Let x = -22 - -22. Suppose -5*k - 3*w + x*w + 67 = 0, -k - 3*w + 11 = 0. What is the remainder when k is divided by 5?
4
Let l = -12 - -72. Suppose 0*v + 5*v = l. What is the remainder